4*d. Let g(x) = 6*b(x) - 17*l(x). Let q be g(2). Let j(s) = -6*s - 6. List the prime factors of j(q).
2, 3, 5
Let j be 376/24 + 2/(-3). Let p = j - 13. Suppose -f + 216 = 3*x + p*f, 2*x = 2*f + 140. List the prime factors of x.
71
List the prime factors of 6/4*((-132559)/(-21) + 5).
2, 23, 103
Suppose -f = 4, -2*f - 65272 = 1385*n - 1389*n. List the prime factors of n.
2, 4079
Let q(x) = 123*x - 1. Let n be ((-33)/(-13))/3 + 14/91. Suppose 6*y = n + 5. List the prime factors of q(y).
2, 61
Let m(h) = -27*h**3 + 5*h**2 + 6*h - 3. Let v(b) = 16*b + 141. Let r be v(-9). List the prime factors of m(r).
3, 251
Let y(g) = 5*g**2 + 330*g - 52. What are the prime factors of y(29)?
13723
Suppose -267603 - 58765 = -28*c. What are the prime factors of c?
2, 31, 47
Suppose -5*i + 2*v + 1047 = 0, -664 = -5*i - 3*v + 378. Let j = i - 8. List the prime factors of 0/(-3) - (8 + -5 - j).
2, 3, 11
Let j(z) = 71477*z**2 - 1321*z - 1322. What are the prime factors of j(-1)?
2, 107, 167
Suppose y = -38 - 54. Let c = y + 179. Suppose c + 15 = v. What are the prime factors of v?
2, 3, 17
Let b = -501 + 501. Let k(x) = -x**3 - x**2 - 2*x + 1093. What are the prime factors of k(b)?
1093
Suppose -4*a + 13403 = -5*g - 5445, -4*a - 5*g + 18848 = 0. Let i = a + -3290. List the prime factors of i.
2, 3, 79
Let s(h) = 26 - 15*h + 23 - 39 + 9. Let x(q) = 2*q + 3. Let k be x(-4). List the prime factors of s(k).
2, 47
Suppose -96*r + 735882 + 1991286 = 0. List the prime factors of r.
2, 53, 67
What are the prime factors of (-6 - (-16)/4)*(-445887)/74?
3, 13, 103
Let f(m) = -m**3 - 12*m**2 - 5*m + 15. Let j be f(-10). Let s be 21760/(-72) - 5/(j/6). Let p = s - -461. What are the prime factors of p?
3, 53
Suppose 0 = 2*p - 2*c - 1366, -3*p - c + 691 = -2*p. Let u = -388 + p. List the prime factors of u.
13, 23
Suppose -75 = -19*q + 742. Suppose -q*i + 8531 = -5100. List the prime factors of i.
317
Suppose -2*f - 1451 = 2*d - 21435, -4*d - 24 = 0. List the prime factors of f.
2, 4999
Let h(m) be the first derivative of -m**3/3 + 13*m**2/2 + 360*m + 48. List the prime factors of h(0).
2, 3, 5
Let s = 5352 + -3687. Let o = s - 1088. List the prime factors of o.
577
Suppose 6 = -d, -r = -20*d + 18*d - 30132. What are the prime factors of r?
2, 3, 5, 251
Suppose -2*z - 5*l + 34 = 0, -l + 70 = 5*z + 4*l. Suppose -3*i = i + z. List the prime factors of 30/(-3 + (102/(-10))/i).
3, 5
Let p(s) = -5*s + 3. Let v be p(-5). Let y(i) = 2*i**3 + 3*i**2 - 6*i. Let a be y(2). Suppose -14*d = -a*d + v. List the prime factors of d.
2, 7
Suppose -f - 43 + 40 = 0. Let d(z) = 131*z**2 + 7*z - 3. List the prime factors of d(f).
3, 5, 7, 11
Suppose -5*y - 25699 = -2*r, 42610 = 5*r - 5*y - 21630. What are the prime factors of r?
29, 443
Let y be 2 + -5 - (-3 + -1 + 2). Let q be (y + 0)/(1/(-9)). What are the prime factors of 763/5 + q*7/(-105)?
2, 19
Let x(p) = 1031*p + 2545. List the prime factors of x(7).
2, 3, 1627
Let a(c) = 813*c + 84 + c**2 - 23 - 810*c. What are the prime factors of a(0)?
61
Suppose -10 = 5*g - 20. Let p(v) = 3*v**g + 11*v + 8 - 10*v + 4*v + 3*v**2. List the prime factors of p(-5).
7, 19
Let k = 114 - -315. Suppose -12131 = -436*z + k*z. List the prime factors of z.
1733
What are the prime factors of (-56524816)/(-6636) - 1*2/(-21)?
2, 4259
Suppose -2*y + 4*n = 35300, 83*y - 85*y - 5*n = 35291. What are the prime factors of y/(-20) - (-9)/15?
883
Let j = 29800 + -16795. What are the prime factors of j?
3, 5, 17
Suppose 5*y = -4*o + 51, 2*y = 5*o - o - 30. Let x(t) = 6*t**2 - 6*t + 4. List the prime factors of x(o).
2, 109
Let u(s) = -2*s**3 + 75*s**2 - 135*s - 85. Let k(j) = -j**3 + 37*j**2 - 68*j - 42. Let q(h) = 13*k(h) - 6*u(h). List the prime factors of q(27).
2, 3, 7
Suppose -1015*y + 2*r + 35677 = -1012*y, y - 2*r - 11895 = 0. What are the prime factors of y?
11, 23, 47
Let d = 14173 - -4152. Suppose -48*i = -11723 - d. What are the prime factors of i?
2, 313
Suppose 2*n - 32 = n + 5*x, -3*n + 132 = 3*x. Let s be (-10)/(-35) + 89/7. Let l = s + n. List the prime factors of l.
5, 11
What are the prime factors of 31782 + (-5 + 1)/(-2)?
2, 29, 137
Suppose 7 = 9*h - 8*h, 0 = -2*r + h + 60773. List the prime factors of r.
2, 3, 5, 1013
Let j be ((-36)/45)/((-14)/25)*7. Suppose 0 = -2*y + j, 5*s + y + 3*y = 3435. What are the prime factors of s?
683
Suppose 0*q = -2*x + 4*q + 1052, -4*q = -5*x + 2600. Suppose 5*w + 5*a - 1814 - x = 0, -w + 2*a + 481 = 0. List the prime factors of w.
3, 157
Let s be (-1 - 0 - -18) + 0/3. Suppose 0 = -5*q - s - 13. What are the prime factors of q*(4 - 92/12)?
2, 11
Let s(o) = 111*o**2 - 13*o - 87. What are the prime factors of s(5)?
43, 61
Suppose 108*c - 284144 = 80*c. List the prime factors of c.
2, 43, 59
List the prime factors of 175468/22 + 1585/(-55) + 29.
2, 997
Let x = -4742 + 10521. What are the prime factors of x?
5779
List the prime factors of 203155/7 + 3306/3857.
29023
Let n be 0*((-39)/12 + 3). Suppose 18*l - 4*l - 1988 = n. List the prime factors of l.
2, 71
Let f(q) = -3*q**3 + q**2 + q + 19. Let w be f(10). Let u = 4047 + w. What are the prime factors of u?
2, 3, 7
Let g(j) = -4*j**3 + 8*j**2 - 3*j - 1. Let q be g(1). Let c be (-22)/(-4) - (-3)/(-6). Suppose q*m - 335 = -c*m. What are the prime factors of m?
67
Let i = -4003 - -6911. What are the prime factors of i?
2, 727
What are the prime factors of (-1 - 12491)*(-201)/402?
2, 3, 347
Let q(a) = 10860*a**2 + a - 1. Let j be q(1). Suppose -7*v + 17*v - j = 0. List the prime factors of v.
2, 3, 181
Suppose 101*x - 1401122 = -669289 + 1622982. List the prime factors of x.
5, 4663
Suppose -4*s + 0 = 5*j - 16, 21 = -s + 5*j. List the prime factors of (-17765)/(-20) + s - 3/12.
887
Suppose 0 = -37*b + 33*b + 6*f + 259750, 129872 = 2*b - 4*f. What are the prime factors of b?
2, 19, 1709
Suppose -2*q - 9 = 2*k + 19, -3*k - 60 = 4*q. Let i(w) = 5*w**2 + 36*w + 5. List the prime factors of i(q).
977
Suppose 0 = 20*n - 20*n + 38*n - 17366. What are the prime factors of n?
457
Suppose 2*u - 360 = 8*u. Let i = u - -122. What are the prime factors of i/(-4)*(-2 - 0)?
31
Let m = 39657 + -21413. List the prime factors of m.
2, 4561
Suppose 117*j - 119*j + d + 83569 = 0, 0 = j + 4*d - 41753. List the prime factors of j.
3, 19, 733
Let g(z) = 13*z + 61. Let v be g(-5). List the prime factors of 669/v*-1*(2 + 2).
3, 223
Suppose 162*h - 27440 = 113*h. Let q be 28/(-8)*(0 + 2). What are the prime factors of q/14*h/(-2)?
2, 5, 7
Suppose -3266 = -9*o + 838. What are the prime factors of o?
2, 3, 19
What are the prime factors of (34/(-4))/(-3 - (-69170)/23060)?
17, 1153
Let a = 2093 - 3995. Let k = a - -3769. What are the prime factors of k?
1867
Suppose 14*u + 5*u - 1767 = 0. Suppose -2*a + 1325 = u. What are the prime factors of a?
2, 7, 11
Suppose -4*o + 60636 = 4*v, -44979 - 30812 = -5*v - 3*o. What are the prime factors of v?
23, 659
Suppose 90*f = 52*f + 9652. What are the prime factors of f?
2, 127
Let k be (5/5)/((-5)/(-55)) + 2. Let n(z) = 46*z + 23. What are the prime factors of n(k)?
3, 23
Let k = -983 + 163. Let t = -328 - k. Let s = t - 255. List the prime factors of s.
3, 79
Let f = -7 + 5. Let r be 18/9 + (f - 1) + 2. What are the prime factors of (r + 0)*(-2*201)/(-6)?
67
Suppose 2*l + v + 372 - 15589 = 0, -3*l + 2*v + 22836 = 0. What are the prime factors of l?
2, 5, 761
Let w(t) = 2*t**2 + 7*t - 12. Let h be w(-5). Let g be (0 - -5) + h/(-3). Suppose -2*j + 170 = -4*d, j = g*d - 7*d + 70. What are the prime factors of j?
79
Suppose f + 0*f = -5, 0 = k - 3*f - 864. Suppose -k*s - 462 = -856*s. What are the prime factors of s?
2, 3, 11
Let s be (-20 + 23)/(3/(-11)). Let a(u) be the third derivative of -u**4/4 + 10*u**3/3 - 8*u**2. List the prime factors of a(s).
2, 43
Suppose i - 3*d + 7 = 0, 0*i + d = 2*i + 34. Let j = -16 - i. Suppose j*m - 4*f = -3*f + 70, m = -5*f + 50. What are the prime factors of m?
5
Suppose -14420*m + 14410*m = -10. Let d(h) = 62*h**2 + 4 + 229*h**2 - 2*h - 2*h. List the prime factors of d(m).
3, 97
Suppose -44 = -4*d + 4*b, 13*d - 9 = 14*d - 5*b. Let n(o) = 3*o - 32. Let k be n(d). Suppose k*y - 1006 = 1218. List the prime factors of y.
139
Let a(s) = -1962*s + 663. What are the prime factors of a(-7)?
3, 4799
Suppose -101*h + 1989986 = 2365109 - 7020519.